*c - 7. Let y be k(-4). What is d(y)?
14
Let d(s) be the second derivative of -s**3/3 + 7*s**2/2 - 8*s. Give d(6).
-5
Let j(f) = -f**3 + 3*f**2 + 6*f - 4. Suppose 3*l + 12 = 6*l. What is j(l)?
4
Let u(a) = -3*a**2 - a + 2. Let o(j) = j**2 - 1. Let s = -6 - -8. Let g(m) = s*o(m) + u(m). What is g(-2)?
-2
Let o(p) be the first derivative of 8 - 11*p + 1/3*p**3 + 7/2*p**2. Determine o(-8).
-3
Let z(k) = -k**2 - 3. Let r(c) = 2*c**2 + c + 6. Let m(n) = -4*r(n) - 7*z(n). Calculate m(-2).
1
Let a(p) = -6 + 8*p**3 - 5*p + 6*p**2 + 2*p - 7*p**3. Calculate a(-6).
12
Let b(t) = 5*t**3 - t**2 - 2*t + 9. Let m(d) = -d**3 - d**2 - 1. Let x(n) = -b(n) - 4*m(n). Give x(4).
19
Let n(s) = 10 - s - 18 + 11. Determine n(-5).
8
Let d(s) = -7 - 4*s - 6 + 9. What is d(-4)?
12
Let d(y) = -y**3 + 4*y**2 + y + 2. Suppose 2*r = 2*k, -3*r - 2*k - 4 = -19. Suppose -w = 3*c - 13, -4*w - 2*c = -0 - 12. Suppose x = r + w. Determine d(x).
6
Let r(g) = g**3 - 6*g**2 + g + 1. Let u be r(6). Let q(c) = -c**3 + 6*c**2 + 8*c - 6. Determine q(u).
1
Let y(p) = 2*p - 3 + 0*p**3 - 1 - 10*p**2 - p**3 + 14*p**2. Determine y(4).
4
Let w(s) be the second derivative of -s**6/360 - s**5/40 - s**4/4 + s**3/2 + s. Let f(b) be the second derivative of w(b). What is f(-4)?
-10
Let t = -1 + -2. Let k be -2 + (-3 - t) - 3. Let j(b) = b + 7. Let x(g) = -g - 8. Let l(r) = k*j(r) - 4*x(r). Calculate l(-3).
0
Let g(m) = m**2 + 2*m - 3. Let n = -37 - -33. Calculate g(n).
5
Let a(u) = -u - 1. Let m be a(-8). Suppose -3*p + m = 1. Let r = -3 - p. Let s(h) = -h**2 - 7*h - 7. Calculate s(r).
3
Suppose -4*b + 4*c - c + 7 = 0, 2*b + 4*c + 2 = 0. Let o(s) be the first derivative of 0*s + 5 + 3/2*s**2. Give o(b).
3
Suppose v + s = -4*s - 23, -4*s - 20 = 0. Suppose -5*l - 3 = -v*l. Let g(z) = 5*z**2 + z + 1. What is g(l)?
5
Let q(y) be the third derivative of y**6/360 + y**5/40 + y**4/12 + 5*y**3/3 + 3*y**2. Let u(t) be the first derivative of q(t). Determine u(-4).
6
Suppose 4 + 2 = 3*o. Suppose -12 = -0*a - o*a. Let u(h) = h**3 - 5*h**2 - 6*h + 1. Give u(a).
1
Suppose 2*r - 5 = 7. Let c(b) = b - 6. What is c(r)?
0
Let t(m) be the first derivative of 2*m**2 - 3*m + 11. Give t(4).
13
Let b(i) = i**2 + 2*i - 4. Suppose -2*r - 1 - 3 = x, 2*x = 4*r. Let c = x + -1. What is b(c)?
-1
Suppose 3 = -2*c - 5. Let f(t) = -t - 2. Let a(x) = 2*x + 1. Let z(s) = -2*a(s) - 3*f(s). What is z(c)?
8
Let x(r) = 4*r - 2. Suppose -4*q + q + 9 = 0. Suppose -q*s - 16 = -6*s - 5*m, -5*s = -m - 8. Calculate x(s).
6
Let o(c) be the first derivative of -c**4/4 + 2*c**3 - 3*c**2/2 + 6*c + 5. Calculate o(5).
16
Let p(g) = 3*g - 2. Let t(a) = -30*a + 21. Let o(q) = 21*p(q) + 2*t(q). Let n be (7/(252/8))/((-4)/(-36)). Give o(n).
6
Let x(u) be the second derivative of u**4/12 - 7*u**3/6 + 4*u**2 + 2*u. Let s be (5 - 32/10)*(-30)/(-9). Calculate x(s).
2
Let v be (-24)/6 - (-1 - 1). Let z = 0 - v. Let f(w) = 5*w**z - 3 - 4*w**2 + 3*w + 0*w**2. What is f(2)?
7
Let j(i) = -3*i**2 + 2. Let v = -16 - -28. Suppose 5*c + x = -v, c = -x - 5 + 1. Give j(c).
-10
Let n(m) be the third derivative of 1/3*m**3 + 0 + m**2 - 1/24*m**4 + 0*m. Let g(q) = -q**3 + q**2 + q + 2. Let i be g(0). Calculate n(i).
0
Let u be ((-9)/(-12))/(18/12). Let t(l) be the second derivative of -3/2*l**2 + 0 - u*l**3 - l. Give t(-2).
3
Suppose -o = -6*o + 10. Suppose 4 = m - o*y - 0, 4*y + 16 = -2*m. Let l(t) = -t - 2. Calculate l(m).
0
Suppose 2*s = -4*k + 12, 0*k = -5*k - 4*s + 18. Let b(g) = 14*g + 2. Give b(k).
30
Let n(w) = -18*w + 3. Let j(u) = 37*u - 7. Let f(l) = -3*j(l) - 7*n(l). Give f(1).
15
Suppose -8 = -i - 0. Let a(k) = k**3 + 3*k**2 + 3*k + 2. Let t be a(-3). Let y = t + i. Let p(m) = 9*m**3 - 1. What is p(y)?
8
Suppose -6 = -3*d + 6*d. Let p be d - 9/6*-2. Let q(z) = 2 - 6*z + p - 4. Calculate q(-1).
5
Suppose 14*g = 10*g. Let i(d) = -d**2 + d - 6. Calculate i(g).
-6
Suppose 5*b - 8 = 4*j + 3*b, -5*j - 13 = -4*b. Let x(p) = -3*p + 1. Let m(s) = -7*s + 4. Let g(u) = -m(u) + 4*x(u). Calculate g(j).
5
Let a = -39 - -75. Let d(i) = a + i + i - 38. Determine d(4).
6
Let u(f) be the third derivative of -f**6/720 + f**4/8 + 2*f**2. Let o(k) be the second derivative of u(k). Determine o(-3).
3
Let y = 13 + -8. Let q(n) = 2*n - 7. Let d be q(y). Suppose -3*h + 2*h = d*i + 11, 2*i = -2*h - 6. Let w(a) = -a**3 - 5*a**2 - 6*a - 2. What is w(i)?
6
Let h(t) = 18 - 3 + t - 7. Determine h(-6).
2
Let w(u) = -u - 4 + 6*u - 2*u - 5*u. Calculate w(-3).
2
Let h(i) be the second derivative of -4*i - 1/2*i**3 - 2*i**2 + 0 - 1/12*i**4. Determine h(-5).
-14
Suppose -60 = -3*s + 5*p, s = -2*p - 0 + 9. Suppose -1 = -2*u - g + 2, 5*u = -5*g + s. Let b(d) = u - 8 + d + 1. What is b(3)?
-4
Suppose 0 = -2*y + 2*j + j + 14, -4*j + 4 = 3*y. Suppose -y*c + 7*c - 18 = 0. Let n(f) = -6*f**2 - c*f - 5 + f**3 + 0*f**2 - 2*f**3 + f**2. Calculate n(-4).
3
Let n(w) be the second derivative of 0 - w - 1/12*w**4 - 1/6*w**3 - 5/2*w**2. What is n(0)?
-5
Let h(w) = -w + 18. Suppose 0 = -2*t - 1 + 17. Calculate h(t).
10
Let n = 7 - 5. Let x(v) be the second derivative of -1/6*v**3 + 0 - 2*v + 1/3*v**4 - 1/20*v**5 - 1/2*v**n. Give x(4).
-5
Let o(f) = f**2 + 3*f + 3. Let d be 3/(-2)*16/12. Let r be (1 - -1)*(-4 - d). What is o(r)?
7
Let g(i) be the third derivative of i**4/3 + i**3/6 - 11*i**2. What is g(-1)?
-7
Let a(z) = -z**2 + 9*z + 2. Let j(v) = v**2 - 10*v - 3. Let o(y) = -6*a(y) - 5*j(y). Calculate o(2).
-1
Let o(z) = -4*z + 6*z - 3*z + 9*z**2. Suppose 0 = -i + 4*w - 2*w + 3, -i = -w - 2. What is o(i)?
8
Let z be (-2)/2 - (0 - 3). Suppose z*h = -2*h + 12. Let a(y) = -4*y**2 + 3*y + 4. Let o(u) = u**2. Let c(n) = a(n) + 2*o(n). Determine c(h).
-5
Let d(v) = -v - 1. Let u(i) = i**3 + i**2 - 3*i + 3. Let y(p) = -d(p) + u(p). What is y(-3)?
-8
Suppose 4*f = 2*k - 10, 10*f = -3*k + 5*f + 26. Let u(x) = -x**2 - 5*x + 2. Let s(l) = -4*l**2 - 14*l + 5. Let t(p) = k*u(p) - 2*s(p). Give t(5).
-6
Let r = 48 + -45. Let d(y) be the first derivative of -2*y**3/3 + 5*y**2/2 - 2*y + 1. Calculate d(r).
-5
Let g(b) be the third derivative of b**6/24 - b**4/12 - b**3/6 + 14*b**2. Suppose -4 = 5*n - n. What is g(n)?
-4
Suppose 4*q = -3 + 15. Let v(d) = 4*d + 2 - 4*d - d**2 - q*d. Let y be 1*6/(-2)*1. Give v(y).
2
Suppose 3*t - 41 = -23. Suppose -7*p + t*p + 6 = 0. Let u(h) = 2*h - 7. Calculate u(p).
5
Let g(l) be the first derivative of -l + 2*l**2 + 1/3*l**3 - 7. Calculate g(-6).
11
Let v(j) = j**2 - 4. Let p = 13 + -6. Let b(w) = -w - 3. Let n be b(p). Let m be (-12)/n*20/(-8). Calculate v(m).
5
Let s(h) = -h + 4. Let o(m) = m - 4. Let y(r) = -3*o(r) - 4*s(r). Suppose 0 = 2*p - 6*p - 12. Determine y(p).
-7
Let r(n) = -n + 2. Let y be r(-1). Suppose j - y*j = -12. Let s(z) = z - 1. Calculate s(j).
5
Let q(x) = -4*x + 3. Let a be q(0). Let t(l) be the third derivative of l**4/8 - 2*l**3/3 + l**2. Determine t(a).
5
Let j(d) be the third derivative of d**5/40 - d**4/8 - 4*d**3/3 + 6*d**2. Let m(a) be the first derivative of j(a). What is m(6)?
15
Suppose 5*j - 16 = 4*i, -16 - 4 = 5*i. Let h be j + 2 + 0 - 7. Let s = -1 - h. Let u(t) = -t + 2. What is u(s)?
-2
Let m(n) = n**3 - 4*n**2 - 5*n + 1. Suppose -b - 7 = -a, b = -2 + 1. Suppose 3*f - 21 = -a. Give m(f).
1
Let m be -2 - (2 + 8/(-4) - 1). Let f(d) = 6*d - 1. Determine f(m).
-7
Suppose 2 = 3*f + 3*r - 7, -f - 4*r = 0. Suppose -f*x - 12 = 4*c, 0 = -c - 4*x - 1 - 11. Let p(b) = c - 4 - 2*b + 3 + 3*b. What is p(0)?
-1
Suppose 0 = -2*l + 5*w, -w = 2*l - 5*w. Let v(d) be the third derivative of 1/30*d**5 - 1/120*d**6 + 2*d**2 - 1/3*d**3 + 1/8*d**4 + l*d + 0. Determine v(3).
-2
Let s(j) = -5*j**3 + 3*j**2 + 8*j - 7. Let l(v) = 2*v**2 - 1 - 7*v**2 - v**3 + 6*v**2 + v. Let b(g) = 6*l(g) - s(g). Give b(2).
1
Let r(n) = -5*n + 2. Let x(o) = -2*o + 5. Let d be x(9). Let c(y) = 10*y - 4. Let h(z) = d*r(z) - 6*c(z). Give h(-2).
-12
Let g be -2 - 2*(0 - 15). Let m be g/(-8)*8/(-14). Let c(i) = 0*i + i**2 - 2 - 2*i + 4. What is c(m)?
2
Let z(h) be the second derivative of 4*h**3/3 - h**2/2 + 2*h. What is z(1)?
7
Let n be 11/(-3) - (-20)/30. Let a be n/15 + 6/5. Let r(o) = -o + 1. Give r(a).
0
Suppose -3*y + 3*l + 30 - 9 = 0, 0 = -2*y - 5*l - 14. Let x(t) be the first derivative of -1/3*t**3 - t + 1/4*t**4 - 2*t**2 + 4. What is x(y)?
5
Suppose -6*y + 3*y = -15. Let a(c) = -2*c**2 -